What is the hundreds digit of 546?
5
What is the units digit of 73011?
1
What is the tens digit of 5561?
6
What is the hundreds digit of 1185?
1
What is the thousands digit of 75563?
5
What is the tens digit of 20542?
4
What is the thousands digit of 57518?
7
What is the ten thousands digit of 99184?
9
What is the thousands digit of 16462?
6
What is the thousands digit of 9244?
9
What is the units digit of 1345?
5
What is the tens digit of 949?
4
What is the units digit of 4021?
1
What is the ten thousands digit of 14926?
1
What is the thousands digit of 23340?
3
What is the units digit of 5929?
9
What is the hundreds digit of 100070?
0
What is the units digit of 1167?
7
What is the hundreds digit of 9728?
7
What is the units digit of 3842?
2
What is the units digit of 7795?
5
What is the tens digit of 4160?
6
What is the thousands digit of 4787?
4
What is the tens digit of 5357?
5
What is the units digit of 707?
7
What is the thousands digit of 117773?
7
What is the thousands digit of 1867?
1
What is the hundreds digit of 5364?
3
What is the hundreds digit of 497?
4
What is the thousands digit of 121276?
1
What is the thousands digit of 9642?
9
What is the hundreds digit of 5738?
7
What is the units digit of 39612?
2
What is the units digit of 673?
3
What is the hundreds digit of 215?
2
What is the units digit of 8846?
6
What is the hundreds digit of 3199?
1
What is the hundreds digit of 934?
9
What is the units digit of 27599?
9
What is the hundreds digit of 2298?
2
What is the hundreds digit of 1137?
1
What is the units digit of 9666?
6
What is the thousands digit of 3646?
3
What is the hundreds digit of 6101?
1
What is the tens digit of 12693?
9
What is the hundreds digit of 30678?
6
What is the ten thousands digit of 21905?
2
What is the tens digit of 21514?
1
What is the hundreds digit of 46000?
0
What is the units digit of 18876?
6
What is the thousands digit of 12804?
2
What is the thousands digit of 4400?
4
What is the units digit of 2169?
9
What is the units digit of 96252?
2
What is the units digit of 25987?
7
What is the thousands digit of 121019?
1
What is the hundreds digit of 433?
4
What is the thousands digit of 24287?
4
What is the tens digit of 78763?
6
What is the units digit of 1395?
5
What is the units digit of 4338?
8
What is the units digit of 363?
3
What is the thousands digit of 54849?
4
What is the tens digit of 2889?
8
What is the ten thousands digit of 38834?
3
What is the hundreds digit of 31465?
4
What is the ten thousands digit of 14664?
1
What is the tens digit of 37?
3
What is the units digit of 682?
2
What is the tens digit of 7061?
6
What is the units digit of 3965?
5
What is the hundreds digit of 37780?
7
What is the tens digit of 6319?
1
What is the units digit of 25863?
3
What is the units digit of 1240?
0
What is the units digit of 15352?
2
What is the hundred thousands digit of 103904?
1
What is the units digit of 86469?
9
What is the hundreds digit of 3110?
1
What is the hundreds digit of 807?
8
What is the tens digit of 915?
1
What is the units digit of 1891?
1
What is the thousands digit of 23844?
3
What is the thousands digit of 16780?
6
What is the ten thousands digit of 40295?
4
What is the hundreds digit of 2757?
7
What is the hundreds digit of 30333?
3
What is the tens digit of 23746?
4
What is the thousands digit of 3968?
3
What is the tens digit of 1832?
3
What is the units digit of 189?
9
What is the tens digit of 7194?
9
What is the units digit of 8430?
0
What is the hundreds digit of 6337?
3
What is the hundreds digit of 37970?
9
What is the ten thousands digit of 14573?
1
What is the hundreds digit of 1025?
0
What is the hundreds digit of 5292?
2
What is the units digit of 26690?
0
What is the units digit of 72?
2
What is the units digit of 274?
4
What is the units digit of 1508?
8
What is the tens digit of 6424?
2
What is the tens digit of 852?
5
What is the tens digit of 5604?
0
What is the units digit of 2371?
1
What is the tens digit of 107964?
6
What is the units digit of 30375?
5
What is the units digit of 5895?
5
What is the tens digit of 103?
0
What is the tens digit of 1534?
3
What is the tens digit of 377?
7
What is the units digit of 3516?
6
What is the units digit of 1002?
2
What is the tens digit of 4967?
6
What is the units digit of 1765?
5
What is the thousands digit of 25879?
5
What is the hundreds digit of 1095?
0
What is the tens digit of 252?
5
What is the hundreds digit of 7267?
2
What is the tens digit of 6463?
6
What is the tens digit of 17081?
8
What is the tens digit of 66689?
8
What is the units digit of 1247?
7
What is the units digit of 17596?
6
What is the tens digit of 4959?
5
What is the thousands digit of 6472?
6
What is the tens digit of 5429?
2
What is the thousands digit of 4050?
4
What is the units digit of 7576?
6
What is the tens digit of 29839?
3
What is the tens digit of 63716?
1
What is the thousands digit of 5452?
5
What is the tens digit of 157701?
0
What is the thousands digit of 2241?
2
What is the thousands digit of 33224?
3
What is the hundreds digit of 81402?
4
What is the tens digit of 1673?
7
What is the units digit of 11029?
9
What is the ten thousands digit of 31900?
3
What is the thousands digit of 2858?
2
What is the ten thousands digit of 37151?
3
What is the units digit of 7616?
6
What is the units digit of 135501?
1
What is the units digit of 2787?
7
What is the hundreds digit of 2090?
0
What is the thousands digit of 2728?
2
What is the units digit of 178?
8
What is the units digit of 1274?
4
What is the units digit of 130623?
3
What is the thousands digit of 43850?
3
What is the thousands digit of 43248?
3
What is the hundred thousands digit of 139719?
1
What is the ten thousands digit of 34080?
3
What is the thousands digit of 2552?
2
What is the units digit of 2159?
9
What is the hundreds digit of 27720?
7
What is the tens digit of 39048?
4
What is the units digit of 2020?
0
What is the tens digit of 51?
5
What is the thousands digit of 5149?
5
What is the tens digit of 1076?
7
What is the thousands digit of 35925?
5
What is the tens digit of 55397?
9
What is the tens digit of 5101?
0
What is the hundreds digit of 27125?
1
What is the thousands digit of 99861?
9
What is the hundreds digit of 44662?
6
What is the tens digit of 40633?
3
What is the thousands digit of 41569?
1
What is the tens digit of 186789?
8
What is the tens digit of 281?
8
What is the units digit of 4209?
9
What is the ten thousands digit of 15984?
1
What is the ten thousands digit of 38918?
3
What is the thousands digit of 15317?
5
What is the tens digit of 25934?
3
What is the tens digit of 6922?
2
What is the hundreds digit of 6170?
1
What is the thousands digit of 36928?
6
What is the hundreds digit of 7912?
9
What is the thousands digit of 10589?
0
What is the hundreds digit of 10256?
2
What is the ten thousands digit of 27438?
2
What is the thousands digit of 18529?
8
What is the tens digit of 21725?
2
What is the units digit of 38738?
8
What is the thousands digit of 1270?
1
What is the thousands digit of 3025?
3
What is the hundreds digit of 9943?
9
What is the thousands digit of 4034?
4
What is the tens digit of 20759?
5
What is the tens digit of 1843?
4
What is the ten thousands digit of 22253?
2
What is the thousands digit of 1277?
1
What is the tens digit of 696?
9
What is the hundreds digit of 29242?
2
What is the thousands digit of 96273?
6
What is the units digit of 2210?
0
What is the thousands digit of 3912?
3
What is the thousands digit of 2566?
2
What is the tens digit of 96243?
4
What is the thousands digit of 10406?
0
What is the hundreds digit of 362?
3
What is the thousands digit of 83428?
3
What is the hundreds digit of 821?
8
What is the hundreds digit of 7503?
5
What is the tens digit of 2953?
5
What is the tens digit of 33217?
1
What is the units digit of 372?
2
What is the hundreds digit of 8183?
1
What is the units digit of 78000?
0
What is the hundreds digit of 1288?
2
What is the units digit of 457?
7
What is the tens digit of 5398?
9
What is the ten thousands digit of 41212?
4
What is the units digit of 49847?
7
What is the ten thousands digit of 44213?
4
What is the hundreds digit of 4035?
0
What is the hundreds digit of 1248